base 2, what is 10110001011100100 + 100001011?
10110001111101111
In base 13, what is 584 + -14139c?
-140b18
In base 9, what is 13223882 + -1?
13223881
In base 10, what is 309058991 + 2?
309058993
In base 5, what is 3440312 + -11241?
3424021
In base 7, what is -2302104264 - 2?
-2302104266
In base 4, what is 120 + 303010102?
303010222
In base 10, what is 3 + -35096417?
-35096414
In base 15, what is 163638b - 1?
163638a
In base 4, what is 300 - 110020302?
-110020002
In base 7, what is 144315024 - 3?
144315021
In base 9, what is 23288514 + 4?
23288518
In base 16, what is -3 + -24a31d2?
-24a31d5
In base 13, what is -125 - -7274?
714c
In base 13, what is -1a7 + -13959?
-13b33
In base 12, what is 1578601 - 6?
15785b7
In base 15, what is -5b55d - 82?
-5b5e0
In base 7, what is -1664210 - -1641?
-1662236
In base 11, what is 3097 + 15aa3?
1908a
In base 14, what is -5 - -9375cd?
9375c8
In base 11, what is 968 + 1a073?
1aa30
In base 12, what is -355 - -11090?
10937
In base 2, what is -10001001101010010011011010 - 11?
-10001001101010010011011101
In base 5, what is 402110232001 + -2?
402110231444
In base 4, what is -331222102111 - -10?
-331222102101
In base 7, what is -4154 + -455?
-4642
In base 9, what is -5104 - -2623?
-2371
In base 10, what is 53443 + -91?
53352
In base 2, what is 10010010111 - 1101000111011100001?
-1101000101001001010
In base 10, what is 6268 - -184147?
190415
In base 16, what is -80e + cff?
4f1
In base 6, what is 21252340 + 11?
21252351
In base 8, what is 1627 - 114610?
-112761
In base 7, what is -15025661 + -35?
-15026026
In base 7, what is 62262 + 122241?
214533
In base 7, what is 14421 - 123326?
-105605
In base 5, what is 230423 + -2222?
223201
In base 15, what is b6d4 + 1b6?
b89a
In base 5, what is 3202 + -120142223?
-120134021
In base 5, what is -32244 + -10340402?
-10423201
In base 6, what is 31552 - 1202353?
-1130401
In base 9, what is 72683545 - 3?
72683542
In base 9, what is 55 - 4714457?
-4714402
In base 5, what is -1214333 - -14112?
-1200221
In base 16, what is 3d22d - 42c?
3ce01
In base 6, what is 152003400 + 14?
152003414
In base 14, what is -15a3 + -1574?
-2b37
In base 6, what is 15 - -12433554?
12434013
In base 12, what is -23a70840 + 4?
-23a70838
In base 14, what is -5 + 13cbb83?
13cbb7c
In base 6, what is -221533521 + 3?
-221533514
In base 12, what is 64a090 + -2?
64a08a
In base 2, what is 11 + -110010101110011011?
-110010101110011000
In base 5, what is -20323 - 120213?
-141041
In base 7, what is -144156 - 66?
-144255
In base 16, what is 1 - f3aed?
-f3aec
In base 13, what is 4ba - -3921?
410b
In base 7, what is -5 + 32464114?
32464106
In base 5, what is 100032 - 21421?
23111
In base 5, what is -14142343 + 34220?
-14103123
In base 6, what is -1005 - -505?
-100
In base 13, what is 203 + -10585?
-10382
In base 15, what is 4 + -1a44891?
-1a4488c
In base 12, what is 1139 + 1309?
2446
In base 7, what is 540 - -123666?
124536
In base 12, what is -1 - 55a820?
-55a821
In base 7, what is -14533 + 53243?
35410
In base 9, what is 60 + -1861210?
-1861140
In base 9, what is -13616 + -1350?
-15066
In base 16, what is 7e691b - -7?
7e6922
In base 3, what is -1011122 - 10022221020?
-10101002212
In base 10, what is -112479 - 6?
-112485
In base 4, what is 30103300021 - -10?
30103300031
In base 15, what is 7b + aee0?
b06b
In base 4, what is 20112123020 - 30?
20112122330
In base 12, what is -29a579 - -8?
-29a571
In base 7, what is -13322225 - 4?
-13322232
In base 13, what is 541 + -1bc?
352
In base 3, what is 20111101221 - -110210?
20111212201
In base 8, what is -52 + -214257?
-214331
In base 8, what is -1540 + -3427023?
-3430563
In base 16, what is -5 - 157866f?
-1578674
In base 16, what is -8 + 1b23e1?
1b23d9
In base 7, what is -13320050 - 116?
-13320166
In base 2, what is -1110111001110 - 101100010000?
-10100011011110
In base 3, what is 20221000001001100 - -12?
20221000001001112
In base 15, what is -a + bbb81?
bbb76
In base 15, what is -8b9 - 361c?
-3ed6
In base 4, what is 0 + 21010232331031?
21010232331031
In base 16, what is -68ce1 - 12?
-68cf3
In base 7, what is 152 - 162332?
-162150
In base 11, what is -1 - 44239a01?
-44239a02
In base 2, what is -110110011000001011 - 10101?
-110110011000100000
In base 10, what is -100896342 - -1?
-100896341
In base 10, what is -247117443 - 0?
-247117443
In base 6, what is -23304233 - -112?
-23304121
In base 3, what is -2 + -21121111112011?
-21121111112020
In base 15, what is 2 - 84dbdd7?
-84dbdd5
In base 13, what is -10775c + -81b?
-10827a
In base 10, what is -941 - 20399?
-21340
In base 5, what is 3 - 111110311013?
-111110311010
In base 9, what is -528668677 - 4?
-528668682
In base 7, what is 140644 + 1125?
142102
In base 6, what is -1112215 + 355?
-1111420
In base 6, what is -22305 + -4511?
-31220
In base 3, what is -22020 + 1011110000?
1011010210
In base 6, what is 5 + -42355544230?
-42355544221
In base 9, what is -726132524 - 4?
-726132528
In base 9, what is 7 + -32466555?
-32466547
In base 10, what is -4 + -3761749?
-3761753
In base 8, what is 55266 - -146?
55434
In base 8, what is 656333634 - 4?
656333630
In base 14, what is 319 - -5a69?
5d84
In base 9, what is 27555753 - 3?
27555750
In base 3, what is -12202202222 + -112202?
-12210022201
In base 15, what is -a43b - -428c?
-619e
In base 16, what is -33 - a85d?
-a890
In base 6, what is -3 + 152251031?
152251024
In base 15, what is 2e388e - -5?
2e3894
In base 15, what is -6a + c1c7b?
c1c11
In base 4, what is 1032201302 - 10?
1032201232
In base 15, what is -199e4ace + -3?
-199e4ad2
In base 3, what is 2 - 20220202021011?
-20220202021002
In base 12, what is -b0a34 + 12b?
-b0905
In base 2, what is 11 - 11110011110000011111?
-11110011110000011100
In base 15, what is -56cae5d + -3?
-56cae61
In base 15, what is 922e + 39?
9268
In base 4, what is 11220 + 1312230301?
1312302121
In base 3, what is 2212010 + 10212201222?
10222121002
In base 8, what is 405 - -1721?
2326
In base 11, what is -176487794 + -5?
-176487799
In base 11, what is -16195735 - 6?
-16195740
In base 5, what is -213221 - -43431?
-114240
In base 14, what is -150a8725 + 7?
-150a871c
In base 7, what is 4 - -3303561356?
3303561363
In base 15, what is -5b62341d - -2?
-5b62341b
In base 14, what is -3 + -11085?
-11088
In base 6, what is -3523441 - -523?
-3522514
In base 11, what is -157 - -327046?
32699a
In base 7, what is 12 - 541135?
-541123
In base 9, what is 1872 + 180767?
182750
In base 5, what is 411131201 + -434?
411130212
In base 12, what is 1 - -213348?
213349
In base 2, what is 100001111000010010 - -101011?
100001111000111101
In base 5, what is 140424 + 211324?
402303
In base 5, what is 4 + -340420324?
-340420320
In base 5, what is -3122302114 - 101?
-3122302220
In base 9, what is -3711852 + -21?
-3711873
In base 5, what is 133402331334 - 3?
133402331331
In base 15, what is 1b + 40b9a?
40bb6
In base 16, what is 1d52 + 1c57?
39a9
In base 16, what is 5 + -12b9e6b?
-12b9e66
In base 6, what is 11144404 - 0?
11144404
In base 3, what is 11 - 111020121212210112?
-111020121212210101
In base 6, what is -143244440 - -30?
-143244410
In base 4, what is 11011201303232 - 1?
11011201303231
In base 6, what is 10 + 10305221012?
10305221022
In base 8, what is 146 + 1232622?
1232770
In base 5, what is 11 + -13100443004?
-13100442443
In base 12, what is -2 - 8874666?
-8874668
In base 6, what is 10301 + -23111?
-12410
In base 5, what is -1244423144 + -10?
-1244423204
In base 5, what is 213 - -32431203?
32431421
In base 11, what is -31a + -63a2?
-6711
In base 13, what is 3 - 1254a903?
-1254a900
In base 7, what is -2 + 314204316?
314204314
In base 15, what is -1 + 80a51?
80a50
In base 16, what is -fb027 - -4e?
-fafd9
In base 2, what is 1010001001101000110101 - -11101?
1010001001101001010010
In base 4, what is 1321021032 - 10130?
1321010302
In base 2, what is 1000011110000110010011 - 1000010000?
1000011101111110000011
In base 5, what is -100 - 334430100?
-334430200
In base 3, what is 120002100020200 + -11?
120002100020112
In base 15, what is 5 + 2b3b108?
2b3b10d
In base 8, what is -12502116 + -202?
-12502320
In base 7, what is -626564 + 5431?
-621133
In base 15, what is 5996d0 + 4?
5996d4
In base 13, what is 1 - 47b051a?
-47b0519
In base 4, what is -2323010033231 + 0?
-2323010033231
In base 3, what is 1 + 